hat are the prime factors of 857831?
13, 19, 23, 151
List the prime factors of 2290094.
2, 31, 43, 859
List the prime factors of 1711969.
7, 244567
List the prime factors of 324395.
5, 64879
What are the prime factors of 297596?
2, 13, 59, 97
List the prime factors of 18633258.
2, 3, 7, 17, 8699
What are the prime factors of 167183?
31, 5393
List the prime factors of 190105.
5, 193, 197
List the prime factors of 11359097.
29, 391693
List the prime factors of 80106.
2, 3, 13, 79
What are the prime factors of 1086355?
5, 217271
What are the prime factors of 358583?
311, 1153
What are the prime factors of 361191?
3, 120397
List the prime factors of 18328181.
18328181
List the prime factors of 1552973.
409, 3797
What are the prime factors of 694654?
2, 17, 20431
What are the prime factors of 982567?
53, 18539
What are the prime factors of 1036818?
2, 3, 57601
What are the prime factors of 484025?
5, 19, 1019
What are the prime factors of 563870?
2, 5, 113, 499
List the prime factors of 330883.
7, 47269
List the prime factors of 630047.
11, 41, 127
List the prime factors of 3432054.
2, 3, 97, 5897
What are the prime factors of 1487797?
1487797
What are the prime factors of 2851502?
2, 43, 71, 467
What are the prime factors of 116003?
311, 373
What are the prime factors of 7184014?
2, 19, 97, 1949
What are the prime factors of 4855778?
2, 17, 31, 271
What are the prime factors of 1375570?
2, 5, 7, 43, 457
List the prime factors of 16801881.
3, 769, 7283
List the prime factors of 2108469.
3, 11, 181, 353
What are the prime factors of 3880173?
3, 11, 307, 383
What are the prime factors of 10122314?
2, 113, 44789
List the prime factors of 10733034.
2, 3, 13, 37, 3719
List the prime factors of 230038.
2, 115019
What are the prime factors of 13357058?
2, 11, 13, 46703
List the prime factors of 21928434.
2, 3, 11, 83, 4003
List the prime factors of 69498.
2, 3, 11, 13
List the prime factors of 2182685.
5, 29, 15053
What are the prime factors of 52827?
3, 17609
What are the prime factors of 601531?
7, 85933
List the prime factors of 25982677.
7, 103, 36037
What are the prime factors of 10941?
3, 7, 521
List the prime factors of 16474808.
2, 7, 23, 12791
What are the prime factors of 2210857?
11, 200987
What are the prime factors of 102909?
3, 34303
List the prime factors of 32472.
2, 3, 11, 41
List the prime factors of 16638049.
37, 449677
What are the prime factors of 3418068?
2, 3, 284839
List the prime factors of 2403405.
3, 5, 19, 937
List the prime factors of 116713.
127, 919
List the prime factors of 727444.
2, 23, 7907
List the prime factors of 451860.
2, 3, 5, 17, 443
List the prime factors of 1722694.
2, 861347
List the prime factors of 35333467.
13, 1049, 2591
List the prime factors of 19957221.
3, 809, 2741
List the prime factors of 1315959.
3, 19, 23087
What are the prime factors of 263582?
2, 11, 11981
What are the prime factors of 287919?
3, 31991
List the prime factors of 119106.
2, 3, 13, 509
What are the prime factors of 4488633?
3, 251, 1987
What are the prime factors of 22241?
23, 967
What are the prime factors of 696804?
2, 3, 58067
List the prime factors of 24015678.
2, 3, 53, 75521
List the prime factors of 20885418.
2, 3, 17, 22751
List the prime factors of 279339.
3, 93113
What are the prime factors of 523313?
7, 74759
What are the prime factors of 941625?
3, 5, 31
List the prime factors of 404660.
2, 5, 20233
What are the prime factors of 1351919?
1351919
What are the prime factors of 3141907?
227, 13841
What are the prime factors of 180482?
2, 31, 41, 71
What are the prime factors of 1640645?
5, 328129
What are the prime factors of 26961272?
2, 13, 41, 6323
What are the prime factors of 1864044?
2, 3, 7, 13, 569
List the prime factors of 3852439.
1013, 3803
What are the prime factors of 300748?
2, 7, 23, 467
List the prime factors of 253811.
253811
What are the prime factors of 1672275?
3, 5, 11, 2027
What are the prime factors of 11384?
2, 1423
What are the prime factors of 682554?
2, 3, 113759
List the prime factors of 2974230.
2, 3, 5, 7, 4721
List the prime factors of 69720.
2, 3, 5, 7, 83
List the prime factors of 2023255.
5, 13, 17, 1831
What are the prime factors of 282037?
7, 43, 937
List the prime factors of 7376866.
2, 7, 113, 4663
What are the prime factors of 10404123?
3, 97, 35753
What are the prime factors of 976206?
2, 3, 7, 11, 2113
List the prime factors of 3719127.
3, 379, 3271
What are the prime factors of 222505?
5, 44501
List the prime factors of 9609439.
7, 196111
What are the prime factors of 1852768?
2, 57899
What are the prime factors of 2815342?
2, 1407671
List the prime factors of 1254056.
2, 17, 9221
What are the prime factors of 1599589?
401, 3989
What are the prime factors of 13531376?
2, 31, 27281
What are the prime factors of 32254219?
17, 197, 9631
List the prime factors of 8721011.
13, 37, 18131
What are the prime factors of 2315168?
2, 71, 1019
What are the prime factors of 67910?
2, 5, 6791
List the prime factors of 3770153.
3770153
List the prime factors of 7610778.
2, 3, 7, 8629
List the prime factors of 3159769.
43, 73483
What are the prime factors of 15458223?
3, 11, 353, 1327
List the prime factors of 4416688.
2, 276043
What are the prime factors of 3308547?
3, 11, 107, 937
List the prime factors of 459853.
29, 101, 157
List the prime factors of 111472.
2, 6967
List the prime factors of 18595458.
2, 3, 7, 147583
List the prime factors of 13140223.
1123, 11701
What are the prime factors of 4900731?
3, 11, 97, 1531
List the prime factors of 151828.
2, 37957
List the prime factors of 1370544.
2, 3, 7, 4079
What are the prime factors of 7421506?
2, 29, 199, 643
List the prime factors of 1633873.
1633873
What are the prime factors of 704470?
2, 5, 13, 5419
What are the prime factors of 98436?
2, 3, 13, 631
What are the prime factors of 244266?
2, 3, 11, 3701
List the prime factors of 406675.
5, 16267
What are the prime factors of 3672526?
2, 11, 13, 12841
List the prime factors of 378557.
23, 109, 151
List the prime factors of 4327510.
2, 5, 11, 39341
What are the prime factors of 480949?
7, 127, 541
What are the prime factors of 1533973?
7, 31, 7069
List the prime factors of 119897.
47, 2551
List the prime factors of 369933.
3, 123311
List the prime factors of 269184.
2, 3, 701
What are the prime factors of 6449641?
11, 457, 1283
What are the prime factors of 560017?
560017
List the prime factors of 1200669.
3, 23, 17401
List the prime factors of 138504.
2, 3, 29, 199
What are the prime factors of 17649724?
2, 1861, 2371
List the prime factors of 377928.
2, 3, 29, 181
List the prime factors of 194726.
2, 7, 1987
What are the prime factors of 2469866?
2, 7, 176419
What are the prime factors of 3363464?
2, 13, 32341
What are the prime factors of 214692?
2, 3, 17891
What are the prime factors of 62508?
2, 3, 5209
List the prime factors of 2517978.
2, 3, 47, 8929
List the prime factors of 4295749.
211, 20359
List the prime factors of 463005.
3, 5, 10289
List the prime factors of 319440.
2, 3, 5, 11
What are the prime factors of 392848?
2, 43, 571
List the prime factors of 914505.
3, 5, 41, 1487
What are the prime factors of 1324314?
2, 3, 29, 43, 59
What are the prime factors of 304262?
2, 7, 103, 211
What are the prime factors of 1224418?
2, 13, 47093
List the prime factors of 299994.
2, 3, 49999
List the prime factors of 9033250.
2, 5, 23, 1571
List the prime factors of 311355.
3, 5, 11, 17, 37
What are the prime factors of 4901617?
7, 167, 599
List the prime factors of 2022831.
3, 224759
List the prime factors of 54291.
3, 18097
What are the prime factors of 27445?
5, 11, 499
What are the prime factors of 348525?
3, 5, 1549
What are the prime factors of 1617605?
5, 11, 29411
List the prime factors of 236733.
3, 7, 11273
List the prime factors of 237903.
3, 79301
List the prime factors of 13763101.
11, 31, 40361
What are the prime factors of 165801?
3, 17, 3251
List the prime factors of 801619.
7, 13, 23, 383
What are the prime factors of 124546?
2, 62273
List the prime factors of 26501611.
269, 98519
List the prime factors of 940847.
29, 32443
What are the prime factors of 972358?
2, 486179
List the prime factors of 908224.
2, 23, 617
List the prime factors of 455895.
3, 5, 11, 307
List the